t of 223755781?
5
What is the hundred thousands digit of 71939435?
9
What is the units digit of 501330543?
3
What is the thousands digit of 53191768?
1
What is the units digit of 144159350?
0
What is the hundred thousands digit of 41856689?
8
What is the millions digit of 2212318?
2
What is the thousands digit of 1458149560?
9
What is the millions digit of 235937779?
5
What is the ten thousands digit of 17305875?
0
What is the units digit of 4138399136?
6
What is the billions digit of 2234123117?
2
What is the ten millions digit of 16210805?
1
What is the hundreds digit of 152488425?
4
What is the hundred thousands digit of 71713377?
7
What is the millions digit of 38231501?
8
What is the ten millions digit of 7920826582?
2
What is the millions digit of 1372482632?
2
What is the hundreds digit of 63114621?
6
What is the hundred thousands digit of 12676523?
6
What is the thousands digit of 850235940?
5
What is the hundreds digit of 103189868?
8
What is the tens digit of 28478440?
4
What is the hundreds digit of 1113335835?
8
What is the hundreds digit of 419571791?
7
What is the ten millions digit of 75722470?
7
What is the ten millions digit of 1640697272?
4
What is the hundred thousands digit of 46549267?
5
What is the millions digit of 438334409?
8
What is the hundred thousands digit of 188176596?
1
What is the millions digit of 264683688?
4
What is the thousands digit of 2504727589?
7
What is the hundred thousands digit of 54361622?
3
What is the tens digit of 20134909?
0
What is the millions digit of 255685711?
5
What is the billions digit of 1667573734?
1
What is the ten millions digit of 171214241?
7
What is the ten thousands digit of 311812728?
1
What is the hundred millions digit of 106745362?
1
What is the units digit of 246592312?
2
What is the ten thousands digit of 297191960?
9
What is the hundreds digit of 309965015?
0
What is the millions digit of 268475024?
8
What is the ten thousands digit of 157409286?
0
What is the millions digit of 82029767?
2
What is the ten thousands digit of 109549801?
4
What is the tens digit of 407907330?
3
What is the hundreds digit of 620578676?
6
What is the hundred thousands digit of 295661688?
6
What is the ten millions digit of 902399321?
0
What is the ten thousands digit of 46090563?
9
What is the tens digit of 9100488?
8
What is the tens digit of 306327795?
9
What is the hundreds digit of 5097512044?
0
What is the ten thousands digit of 21640420?
4
What is the hundreds digit of 163888431?
4
What is the ten thousands digit of 1265865835?
6
What is the hundreds digit of 61470611?
6
What is the thousands digit of 971286867?
6
What is the hundred thousands digit of 41947883?
9
What is the units digit of 12858629?
9
What is the ten millions digit of 43981342?
4
What is the hundred millions digit of 688627633?
6
What is the tens digit of 127584533?
3
What is the ten millions digit of 1687467835?
8
What is the ten millions digit of 21511921?
2
What is the hundred millions digit of 629827753?
6
What is the hundreds digit of 35450579?
5
What is the hundreds digit of 790727788?
7
What is the thousands digit of 110981463?
1
What is the hundred millions digit of 5612638010?
6
What is the millions digit of 193460657?
3
What is the ten thousands digit of 31418611?
1
What is the hundred thousands digit of 27570870?
5
What is the thousands digit of 276347514?
7
What is the ten millions digit of 23462561?
2
What is the ten millions digit of 204743925?
0
What is the units digit of 1495178662?
2
What is the units digit of 1310576936?
6
What is the ten millions digit of 469530623?
6
What is the hundreds digit of 15085406?
4
What is the units digit of 837880467?
7
What is the hundred millions digit of 288171030?
2
What is the thousands digit of 124452744?
2
What is the hundred millions digit of 4674327966?
6
What is the ten thousands digit of 37257316?
5
What is the hundred thousands digit of 122524646?
5
What is the tens digit of 135509848?
4
What is the billions digit of 1526361927?
1
What is the tens digit of 682665605?
0
What is the hundred thousands digit of 142907888?
9
What is the billions digit of 7342341063?
7
What is the hundred thousands digit of 745919130?
9
What is the ten thousands digit of 105901871?
0
What is the units digit of 50366938?
8
What is the tens digit of 6631412841?
4
What is the hundred millions digit of 613819306?
6
What is the units digit of 77931997?
7
What is the ten thousands digit of 269221920?
2
What is the units digit of 302942441?
1
What is the hundreds digit of 550846166?
1
What is the ten thousands digit of 861561636?
6
What is the ten millions digit of 443800592?
4
What is the units digit of 1613255623?
3
What is the millions digit of 407279542?
7
What is the hundreds digit of 5162336734?
7
What is the units digit of 3275495233?
3
What is the tens digit of 2689535?
3
What is the units digit of 73342845?
5
What is the thousands digit of 300078396?
8
What is the hundred thousands digit of 229772391?
7
What is the hundred thousands digit of 677589002?
5
What is the thousands digit of 6626420093?
0
What is the hundred millions digit of 1057286677?
0
What is the hundred millions digit of 112549655?
1
What is the hundreds digit of 846559889?
8
What is the billions digit of 1564214361?
1
What is the hundred millions digit of 1304681726?
3
What is the hundreds digit of 1239239283?
2
What is the tens digit of 4858203918?
1
What is the units digit of 180251923?
3
What is the ten thousands digit of 550989212?
8
What is the ten millions digit of 63463755?
6
What is the units digit of 174791015?
5
What is the hundreds digit of 36935755?
7
What is the units digit of 910325846?
6
What is the hundred millions digit of 756291813?
7
What is the ten millions digit of 17470052?
1
What is the ten millions digit of 223171671?
2
What is the ten thousands digit of 297835451?
3
What is the billions digit of 1410697468?
1
What is the ten thousands digit of 397612849?
1
What is the hundred millions digit of 1139308920?
1
What is the ten millions digit of 133021238?
3
What is the ten millions digit of 807902192?
0
What is the hundreds digit of 976873914?
9
What is the hundred thousands digit of 5607351?
6
What is the ten millions digit of 456315197?
5
What is the ten millions digit of 26505553?
2
What is the ten thousands digit of 2006544222?
4
What is the millions digit of 4365321483?
5
What is the hundred thousands digit of 216113398?
1
What is the ten millions digit of 155687147?
5
What is the ten thousands digit of 424972096?
7
What is the units digit of 45789309?
9
What is the hundred millions digit of 456171906?
4
What is the hundreds digit of 954181615?
6
What is the tens digit of 2090388082?
8
What is the ten thousands digit of 278635752?
3
What is the ten thousands digit of 3982198001?
9
What is the ten millions digit of 3303153707?
0
What is the millions digit of 57663414?
7
What is the ten millions digit of 39916311?
3
What is the thousands digit of 164635112?
5
What is the millions digit of 3710466419?
0
What is the hundred thousands digit of 936007263?
0
What is the units digit of 110791726?
6
What is the ten thousands digit of 246329676?
2
What is the units digit of 2370888765?
5
What is the units digit of 2051746757?
7
What is the ten millions digit of 1704830994?
0
What is the billions digit of 1078776493?
1
What is the millions digit of 64015796?
4
What is the hundred thousands digit of 225924149?
9
What is the millions digit of 564771116?
4
What is the units digit of 195878270?
0
What is the tens digit of 62717259?
5
What is the hundreds digit of 398009365?
3
What is the thousands digit of 33379754?
9
What is the millions digit of 41078236?
1
What is the tens digit of 18388521?
2
What is the thousands digit of 34241411?
1
What is the units digit of 2132957496?
6
What is the hundred thousands digit of 462074524?
0
What is the millions digit of 150793444?
0
What is the tens digit of 148319343?
4
What is the thousands digit of 1666691853?
1
What is the ten millions digit of 188154718?
8
What is the hundreds digit of 184122650?
6
What is the hundred millions digit of 596719538?
5
What is the millions digit of 1053736900?
3
What is the tens digit of 1480232008?
0
What is the hundreds di